).
9
Let d(r) be the second derivative of r**3/6 + 5*r**2 + 8*r + 1. Calculate d(-11).
-1
Let c(i) = i**2 + i + 4. Let q = -104 - -109. Suppose g - 19 = -1. Suppose -q*m = 4*r + 8 + g, -5*r + 2*m = 16. Calculate c(r).
16
Suppose -98*p - 321 = 267. Let o(w) = -w**3 - 8*w**2 - 10*w - 9. Calculate o(p).
-21
Let o(c) = 1 - 2*c**2 + 1 + c**2. Suppose -36*m + 50*m + 21 = -21. Give o(m).
-7
Let a(o) = o**2 - 7*o - 10. Let l be (6/4)/(51/34) + 2. Suppose -4*z + 39 = 5*p - l*z, z - 7 = -p. Calculate a(p).
-2
Let n(i) be the second derivative of 0*i - i**3 + 10*i + i. Determine n(2).
-12
Let m = -7 - 0. Let x(q) be the third derivative of -q**6/360 - q**5/15 + q**4/12 - 3*q**2. Let h(d) be the second derivative of x(d). Give h(m).
6
Let r(z) = -z**3 - 13*z**2 + 14*z + 7. Let s be r(-14). Let l be 58/7 - 2/s. Suppose -l = -a - 1. Let p(k) = k**2 - 8*k + 3. What is p(a)?
-4
Suppose 3*i + 3 = -2*u, -3 + 8 = 5*i. Let l(m) = -7*m**2 + 14*m**2 - 2*m - 9*m**2. What is l(u)?
-12
Let y(h) = h + 4*h - 4*h - 1. Let u(l) = -2*l + 10. Let n(c) = u(c) + 3*y(c). What is n(-7)?
0
Let h(c) = -2*c**2 - 7*c + 8. Let n(m) = m**2 + m - 2. Let x(j) = h(j) + 3*n(j). Determine x(3).
-1
Let v(t) = t**2 + t + 13. Let a be -4*(1 + 12/(-8)) + 0. Let z be 2*a/4*0/(-19). Give v(z).
13
Let g(d) = -2*d - 9. Let o = 239 + -118. Suppose 13*f + o = 43. Determine g(f).
3
Let j(r) = -5*r**3 + 2*r**2 - r - 2. Let k(d) = 12*d**3 - 3*d**2 + 3*d + 3. Let a(o) = 7*j(o) + 3*k(o). What is a(-4)?
3
Let i(v) be the first derivative of -4*v + 2*v**2 - 1/4*v**4 - 4/3*v**3 + 20. Calculate i(-5).
1
Let p(l) = l**3 - 3*l**2 - 2*l + 5. Let x be (-3)/(21/(-4)) - (-153)/63. Calculate p(x).
-1
Let a(t) = t**3 + 2*t**2 - t + 2. Let h be a(0). Let l(b) = 3*b - 2 + 3*b**2 - h - b + 2*b**3 + 2. Calculate l(-2).
-10
Let f be (-1 - -3)/((-10)/(-105)). Let x(t) = t - 12 - 5*t**2 - t**3 - 14 + f. What is x(-5)?
-10
Let i(l) = -l**2 + 17*l - 19. Suppose 0 = 2*g - 91 + 59. What is i(g)?
-3
Let j(n) be the second derivative of -5*n + 1/24*n**4 - 2*n**2 + 0*n**3 + 0. Let u(c) be the first derivative of j(c). Give u(3).
3
Let m(x) be the first derivative of -4*x**2 + x + 289. Let y be 2/(-6) + (-4)/6. Calculate m(y).
9
Let v(l) be the second derivative of -l**7/840 - l**6/40 - l**5/30 + l**4/8 - 9*l**3/2 - 13*l. Let p(s) be the second derivative of v(s). What is p(-8)?
-29
Let w = 9 - 4. Suppose w*g = -5, 0*y - 3 = y + 3*g. Let z(b) = -b**3 - b**2 - b + 5. Determine z(y).
5
Let z(h) = h**3 - h**2 + h + 1. Let l(f) = 8*f**3 - 7*f**2 + 8*f + 5. Let w(d) = l(d) - 6*z(d). Suppose a = -b - 2*a - 11, 2*a + 8 = 0. Determine w(b).
2
Let b(m) = 0 + 2*m**2 + m + 3 - 3*m. Let y be (2/5)/(3/510). Let c = y + -66. Give b(c).
7
Let n(g) = -g - 22. Let f be n(-26). Let d(i) = -4*i - i**3 - i + i**2 + f*i**2 + 4 + 4*i. Calculate d(4).
16
Let s(h) = 2*h**3 + 12*h**2 + 21*h + 5. Let w = -76 - -85. Let k(j) = 5 + 6*j**2 + j**3 - 3 + 10*j + 0. Let m(i) = w*k(i) - 4*s(i). Determine m(-5).
-7
Let g(d) = -d**3 - 3*d**2 - 2*d - 2. Let v be g(-3). Suppose -4*p + 2*i + 12 = -p, -4*p + v*i + 16 = 0. Let j(w) = p*w - w**2 - 4 + w + 1. Determine j(3).
3
Suppose -168 = -4*f + 3*f. Let u be (1/(-2))/(21/f). Let z be 12/(-10)*(-10)/u. Let q(p) = p**3 + 2*p**2 - 4*p + 1. Calculate q(z).
4
Let t(v) = -16 + v**3 - 2567*v + 5110*v - 2563*v - 20*v**2. Determine t(21).
5
Let p(c) be the third derivative of c**6/8 - c**3/6 + 836*c**2. Suppose d = -3*d + 8. Suppose 6 = d*r - y, 0 = -5*r - 3*y + 1 - 8. Calculate p(r).
14
Let r(d) = 0*d + d + 12*d + 35*d**3 - 34*d**3 + 12*d**2 + 21. Give r(-11).
-1
Suppose 0 = 5*z + 2*h - 36, -12 = -z - 4*h + 2*h. Let u(r) = 4*r**3 + 7*r + 0*r - 9 - 3*r**3 + z*r**2 + 13. Determine u(-4).
8
Let u(c) = 2*c + 9. Let o(v) = -v - 1. Suppose -3*t = -n, 4*n - t = 3*t - 8. Let a(b) = n*o(b) - u(b). What is a(7)?
1
Let t(n) = 2*n - 3. Let m(a) = 5*a - 21. Let p(f) = m(f) - 3*t(f). Give p(-7).
-5
Let h(b) be the third derivative of -b**5/30 + 3*b**4/4 - 3*b**3/2 + 2*b**2 + 157*b. Calculate h(8).
7
Let b(d) = -d + 16. Let t be b(16). Suppose 5*o = 3*o + 2. Let v(q) = q**3 + q**2 + 3*q - 10. Let y(l) = -l + 1. Let u(w) = o*v(w) + 3*y(w). What is u(t)?
-7
Let i(v) = 2*v + 27. Let u = 134 + -147. Give i(u).
1
Let l(v) = v**3 - 8*v**2 + 9*v - 8. Let w = -9 - -14. Suppose -4*y + 3*c = -9 - 10, -3*c - 26 = -w*y. Determine l(y).
6
Let q(r) = -r**3 + 4*r**2 + 6*r - 8. Suppose 26*u - 13*u - 65 = 0. Determine q(u).
-3
Let v(b) = -2*b - 9. Suppose 4*l - 210 = -l. Let y be ((-4)/(-12))/((-2)/l). Calculate v(y).
5
Let u(f) = 3*f - 22. Suppose 21 = 3*x - 0*v + 3*v, 40 = 4*x - 2*v. Calculate u(x).
5
Let b(q) = -7*q**2 + 2*q + 1. Let r(m) = m**2 - 8*m - 16. Let n be r(10). Suppose 0 = 3*i - n*x - 5, 5*x + 7 = -3. Determine b(i).
-8
Let h(l) = -3*l + 5. Let j be h(2). Let a be (j/(-3))/(4/(-24)). Let b(n) = -5*n - 5. Let m(v) = 25*v + 26. Let w(s) = -11*b(s) - 2*m(s). Give w(a).
-7
Suppose 24 + 4 = -3*n + 5*z, 0 = 5*n - 2*z + 15. Let b(s) = 26*s**2 - s - 1. Give b(n).
26
Let x = 7 - 17. Let s be (12/x)/((-5)/(-25)). Let d be (-6)/2 + s/(-1). Let k(q) = -q**2 + 2*q - 3. Give k(d).
-6
Suppose -2*a - 3*a = 0. Let b = a + -5. Let w(z) be the third derivative of z**6/120 + z**5/15 - 5*z**4/24 - 2*z**3/3 + 36*z**2. What is w(b)?
-4
Let m = -1143 - -1143. Let b(o) = o**3 - 2*o + 57. Determine b(m).
57
Let a(n) = 3*n**2 - n - 24. Let q be a(0). Let s be (0/(-1))/(q - -26). Let u(i) = i**2 - i + 6. What is u(s)?
6
Let u(p) = p**3 - 12*p**2 + 19*p + 8. Let s be u(10). Let g(a) be the third derivative of -a**4/6 - a**3/2 - 2*a**2. Give g(s).
5
Let p(b) = 9*b**2 + 7*b - 15. Let i(c) = -2*c**2 + c - 1. Let q(r) = -5*i(r) - p(r). Give q(9).
-7
Let z(u) be the first derivative of u**4/4 - 4*u**3/3 - 5*u**2/2 + 5*u + 3. Let s be z(5). Let m = s - 4. Let y(l) = -2*l**3 - 2*l**2 + l. Give y(m).
-3
Let h be (-1 - -1) + ((-264)/(-12))/11. Let q(v) = -7*v**2 - v**3 - 8*v + 3 + 0*v**h + 2*v. Suppose 5*i - 8*t = -3*t - 35, 2*t = 2. What is q(i)?
3
Let h(p) = p**2 - 9*p - 29. Let q be h(-3). Let n(k) = 6*k + 0*k - 2*k + 10 - k**2. Give n(q).
-11
Let k = -205 - -209. Let f(l) = -l**3 + 5*l**2 - 2*l + 3. Determine f(k).
11
Let s(t) = -t + 14. Let g be s(10). Let c(d) = -1 - d**3 + 0*d**3 - g*d + 4*d**2 - 1. What is c(4)?
-18
Let d(c) = c**2 - 4*c + 6. Let y = 35 - 32. Let p be d(y). Let q(m) = m**2 - 4. Calculate q(p).
5
Suppose 0 = -2*w - 2*w + 2*a - 34, 27 = -2*w + 3*a. Let h(t) be the second derivative of t**3/3 + 3*t**2/2 + 3*t. What is h(w)?
-9
Suppose -w + 69 = 2*w + 4*i, 0 = 4*w - i - 73. Suppose -m = -5*m + 32. Let k(p) = m*p - w*p + 6*p + 3*p. Give k(1).
-2
Let f be 5/(5 - 0 - 9/2). Let j(x) = -x**2 + 10*x + 8. Give j(f).
8
Let u(d) = d - 25. Let g(s) = 10*s - 275. Let v(a) = -6*g(a) + 65*u(a). Calculate v(-6).
-5
Let w(m) be the first derivative of 8*m - 1/4*m**4 + 13 - 1/2*m**2 + 2*m**3. Determine w(6).
2
Let t(v) = -v + 9 - 2*v**2 + v**3 - 8*v**2 + 4*v**2 + 0*v**2 - 7*v. Give t(6).
-39
Let c(k) = -4*k**2 + 14*k + 12. Suppose 0 = -2*v - 3*o - 5, -3*v - 25 = -6*v + 2*o. Let y(s) = 5*s**2 - 15*s - 13. Let q(u) = v*y(u) + 6*c(u). Determine q(-8).
-1
Let y be (12/(-14))/((-12)/84). Let c(p) = p**2 - 34. Let v be c(y). Let h(j) = j**3 + j**2 + j - 2. Determine h(v).
12
Let m(l) = -2*l - 2. Let j(a) = -a**2 - 6*a - 5. Let h be j(-5). Suppose h = 4*w - 19 - 29. Let n = 10 - w. Give m(n).
2
Let o(s) = 2*s**3 + 17*s**2 + 9*s + 18. Let z(i) = -3*i**3 - 25*i**2 - 13*i - 27. Let g(c) = -7*o(c) - 5*z(c). Determine g(-6).
-3
Let a(m) = -2*m**2 + 33*m - 4. Let u be a(16). Let d(l) = -3*l + 30. What is d(u)?
-6
Let n be 4/14 - (-36)/(-28). Let b(v) = 29*v**2 - 2*v**2 - 125*v - 5*v**2 + 125*v. Give b(n).
22
Let p(s) = -s**2 - 6*s - 6. Let c be (2 - 1/(-3)) + 4/6. Suppose -l = -0*r + 2*r - 5, -2*r = c*l + 5. Calculate p(l).
-1
Let z be (6/9)/(-2*(-1)/(-12)). Let d(q) = 3*q + 8. What is d(z)?
-4
Let p = -17 + 7. Let d(i) = -12*i + 6. Let v(g) = 2*g - 4. Let a(m) = -d(m) - 5*v(m). Give a(p).
-6
Suppose 508 = 48*b - 116. Let y(v) = -v + 15. Give y(b).
2
Let u(s) = s**2 + 8*s + 6. Let z(x) = -1. Let b(n) = 2*n + 21. Let y(o) = -b(o) + 2*z(o). Let w be y(-9). Determine u(w).
-9
Let t = -30 - -34. Suppose -j = -t*j. Let a = 3 - j. Let g(c) = 2*c**2 - 4*c. Give g(a).
6
Let g = 35 + -33. Le